{"id":929,"date":"2013-07-26T07:50:47","date_gmt":"2013-07-26T07:50:47","guid":{"rendered":"http:\/\/web.ismt.pt\/wp\/diinews\/?page_id=929"},"modified":"2019-02-21T01:12:01","modified_gmt":"2019-02-21T01:12:01","slug":"colecoes-de-e-livros","status":"publish","type":"page","link":"https:\/\/diinews.ismt.pt\/?page_id=929&lang=pt","title":{"rendered":"Cole\u00e7\u00f5es\u00a0de\u00a0e-livros"},"content":{"rendered":"\n<table class=\"wp-block-table has-fixed-layout\"><tbody><tr><td><strong>Busca\u00a0de\u00a0livros<\/strong><\/td><td><strong>Descri\u00e7\u00e3o<\/strong><\/td><\/tr><tr><td><a href=\"http:\/\/www.archive.org\/index.php\">Internet Archive<\/a><\/td><td>A\u00a0Internet Archive \u00e9\u00a0uma\u00a0biblioteca\u00a0virtual\u00a0de\u00a0livros, imagens, v\u00eddeos e sites no formato digital. \u00c0 semelhan\u00e7a de uma biblioteca, fornece acesso livre a investigadores, historiadores, acad\u00e9micos e p\u00fablico em geral.<\/td><\/tr><tr><td><a href=\"http:\/\/www.archive.org\/index.php\">AMS Books Online American Mathematical Society<\/a><\/td><td>A AMS fornece uma biblioteca de livros de matem\u00e1tica com acesso livre<\/td><\/tr><tr><td><a href=\"http:\/\/www.wdl.org\/pt\/\">Biblioteca Digital Mundial\u00a0<\/a> \u00a0<\/td><td>A Biblioteca Digital Mundial disponibiliza na Internet, gratuitamente e em formato multil\u00edngue, fontes\u00a0importantes\u00a0provenientes de\u00a0pa\u00edses e culturas de todo o mundo.<\/td><\/tr><tr><td><a href=\"http:\/\/onlinebooks.library.upenn.edu\/\">FreeBooks<\/a><\/td><td>A\u00a0Online Books Page\u00a0\u00e9 um site\u00a0que\u00a0facilita\u00a0acesso a\u00a0livros\u00a0que\u00a0se podem\u00a0ler\u00a0livremente\u00a0pela\u00a0Internet.<\/td><\/tr><tr><td><a href=\"http:\/\/www.free-ebooks.net\/\">Free-ebooks.net<\/a><\/td><td>A Free-ebooks \u00e9\u00a0uma\u00a0fonte\u00a0online\u00a0de\u00a0downloads para\u00a0livros\u00a0eletr\u00f3nicos,\u00a0de\u00a0recursos para\u00a0livros\u00a0eletr\u00f3nicos e\u00a0de\u00a0autores.<\/td><\/tr><tr><td><a href=\"http:\/\/www.gutenberg.org\/\">Project Gutenberg<\/a><\/td><td>No\u00a0Project Gutenberg\u00a0podem descarregar-se mais de 30.000 livros eletr\u00f3nicos em l\u00edngua portuguesa e \u00a0outras l\u00ednguas.<\/td><\/tr><\/tbody><\/table>\n\n\n\n<div class=\"wp-block-columns has-2-columns\">\n<div class=\"wp-block-column\"><\/div>\n\n\n\n<div class=\"wp-block-column\"><\/div>\n<\/div>\n","protected":false},"excerpt":{"rendered":"<p>Busca\u00a0de\u00a0livros Descri\u00e7\u00e3o Internet Archive A\u00a0Internet Archive \u00e9\u00a0uma\u00a0biblioteca\u00a0virtual\u00a0de\u00a0livros, imagens, v\u00eddeos e sites no formato digital. \u00c0 semelhan\u00e7a de uma biblioteca, fornece acesso livre a investigadores, historiadores, acad\u00e9micos e p\u00fablico em geral. AMS Books Online American Mathematical Society A AMS fornece uma biblioteca de livros de matem\u00e1tica com acesso livre Biblioteca Digital Mundial\u00a0 \u00a0 A Biblioteca Digital [&hellip;]<\/p>\n","protected":false},"author":1,"featured_media":0,"parent":72,"menu_order":3,"comment_status":"closed","ping_status":"closed","template":"","meta":{"_mi_skip_tracking":false,"_monsterinsights_sitenote_active":false,"_monsterinsights_sitenote_note":"","_monsterinsights_sitenote_category":0},"_links":{"self":[{"href":"https:\/\/diinews.ismt.pt\/index.php?rest_route=\/wp\/v2\/pages\/929"}],"collection":[{"href":"https:\/\/diinews.ismt.pt\/index.php?rest_route=\/wp\/v2\/pages"}],"about":[{"href":"https:\/\/diinews.ismt.pt\/index.php?rest_route=\/wp\/v2\/types\/page"}],"author":[{"embeddable":true,"href":"https:\/\/diinews.ismt.pt\/index.php?rest_route=\/wp\/v2\/users\/1"}],"replies":[{"embeddable":true,"href":"https:\/\/diinews.ismt.pt\/index.php?rest_route=%2Fwp%2Fv2%2Fcomments&post=929"}],"version-history":[{"count":8,"href":"https:\/\/diinews.ismt.pt\/index.php?rest_route=\/wp\/v2\/pages\/929\/revisions"}],"predecessor-version":[{"id":3379,"href":"https:\/\/diinews.ismt.pt\/index.php?rest_route=\/wp\/v2\/pages\/929\/revisions\/3379"}],"up":[{"embeddable":true,"href":"https:\/\/diinews.ismt.pt\/index.php?rest_route=\/wp\/v2\/pages\/72"}],"wp:attachment":[{"href":"https:\/\/diinews.ismt.pt\/index.php?rest_route=%2Fwp%2Fv2%2Fmedia&parent=929"}],"curies":[{"name":"wp","href":"https:\/\/api.w.org\/{rel}","templated":true}]}}