{"id":818,"date":"2013-07-22T19:29:33","date_gmt":"2013-07-22T19:29:33","guid":{"rendered":"http:\/\/web.ismt.pt\/wp\/diinews\/?page_id=818"},"modified":"2019-02-21T00:24:38","modified_gmt":"2019-02-21T00:24:38","slug":"ciencias-sociais","status":"publish","type":"page","link":"https:\/\/diinews.ismt.pt\/?page_id=818&lang=pt","title":{"rendered":"Ci\u00eancias Sociais"},"content":{"rendered":"<p>Nas p\u00e1ginas dos Investigadores, clique para\u00a0conhecer\u00a0as\u00a0publica\u00e7\u00f5es,\u00a0comunica\u00e7\u00f5es\u00a0e apresenta\u00e7\u00f5es\u00a0de\u00a0cada\u00a0membro do DI&amp;D. Nestas p\u00e1ginas, a maior\u00a0parte dos investigadores\u00a0disponibilizam\u00a0as suas\u00a0publica\u00e7\u00f5es\u00a0(livros,\u00a0artigos, resumos, p\u00f3steres, e outros).<br \/>Clique nos links dos Projetos de\u00a0Investiga\u00e7\u00e3o para obter mais\u00a0pormenores.<\/p>\n\n\n<div class=\"wp-block-columns has-2-columns\">\n<div class=\"wp-block-column\">\n<h4>Investigador | a<\/h4>\n\n\n\n<p>Alcina Martins<\/p>\n\n\n\n<p>M\u00aa Cristina Quintas<\/p>\n\n\n\n<p>Dulce Serra Sim\u00f5es<\/p>\n\n\n\n<p>F\u00e1tima Ney Matos<\/p>\n\n\n\n<p>Fernanda Daniel<\/p>\n\n\n\n<p>Maria Rosa Tom\u00e9<\/p>\n\n\n\n<p>S\u00f3nia&nbsp;Guadalupe Abreu<\/p>\n\n\n\n<p>Vasco Almeida<\/p>\n<\/div>\n\n\n\n<div class=\"wp-block-column\">\n<h4>P\u00e1ginas<\/h4>\n\n\n\n<p>CienciaVitae | RG | <a href=\"https:\/\/orcid.org\/0000-0002-5873-5814\">ORCID<\/a><\/p>\n\n\n\n<p>CienciaVitae | RG | ORCID<\/p>\n\n\n\n<p>CienciaVitae | RG | ORCID<\/p>\n\n\n\n<p><a href=\"https:\/\/www.cienciavitae.pt\/511D-A067-A3A3\">CienciaVitae<\/a> | <a href=\"https:\/\/www.researchgate.net\/profile\/Fatima_Regina_Matos\">RG<\/a> | <a href=\"https:\/\/orcid.org\/0000-0002-2331-9335\">ORCID<\/a><\/p>\n\n\n\n<p>CienciaVitae | <a href=\"https:\/\/www.researchgate.net\/profile\/Fernanda_Daniel\">RG<\/a> | <a href=\"https:\/\/orcid.org\/0000-0002-2202-1123\">ORCID<\/a><\/p>\n\n\n\n<p><a href=\"https:\/\/www.cienciavitae.pt\/8C1A-2829-2808\">CienciaVitae<\/a> | <a href=\"https:\/\/www.researchgate.net\/profile\/Maria_Rosa_Tome2\">RG<\/a> | ORCID<\/p>\n\n\n\n<p><a href=\"https:\/\/www.cienciavitae.pt\/portal\/9918-6938-E2DE\">CienciaVitae<\/a> | <a href=\"https:\/\/www.researchgate.net\/profile\/Sonia_Guadalupe\">RG<\/a> | <a href=\"https:\/\/orcid.org\/0000-0003-4898-3942\">ORCID<\/a><\/p>\n\n\n\n<p>CienciaVitae | <a href=\"https:\/\/www.researchgate.net\/profile\/Vasco_Almeida2\">RG<\/a> | <a href=\"https:\/\/orcid.org\/0000-0001-9736-6372\">ORCID<\/a><\/p>\n<\/div>\n<\/div>\n","protected":false},"excerpt":{"rendered":"<p>Nas p\u00e1ginas dos Investigadores, clique para\u00a0conhecer\u00a0as\u00a0publica\u00e7\u00f5es,\u00a0comunica\u00e7\u00f5es\u00a0e apresenta\u00e7\u00f5es\u00a0de\u00a0cada\u00a0membro do DI&amp;D. Nestas p\u00e1ginas, a maior\u00a0parte dos investigadores\u00a0disponibilizam\u00a0as suas\u00a0publica\u00e7\u00f5es\u00a0(livros,\u00a0artigos, resumos, p\u00f3steres, e outros).Clique nos links dos Projetos de\u00a0Investiga\u00e7\u00e3o para obter mais\u00a0pormenores. Investigador | a Alcina Martins M\u00aa Cristina Quintas Dulce Serra Sim\u00f5es F\u00e1tima Ney Matos Fernanda Daniel Maria Rosa Tom\u00e9 S\u00f3nia&nbsp;Guadalupe Abreu Vasco Almeida P\u00e1ginas CienciaVitae | RG [&hellip;]<\/p>\n","protected":false},"author":1,"featured_media":0,"parent":9,"menu_order":0,"comment_status":"closed","ping_status":"closed","template":"","meta":{"_mi_skip_tracking":false,"_monsterinsights_sitenote_active":false,"_monsterinsights_sitenote_note":"","_monsterinsights_sitenote_category":0},"_links":{"self":[{"href":"https:\/\/diinews.ismt.pt\/index.php?rest_route=\/wp\/v2\/pages\/818"}],"collection":[{"href":"https:\/\/diinews.ismt.pt\/index.php?rest_route=\/wp\/v2\/pages"}],"about":[{"href":"https:\/\/diinews.ismt.pt\/index.php?rest_route=\/wp\/v2\/types\/page"}],"author":[{"embeddable":true,"href":"https:\/\/diinews.ismt.pt\/index.php?rest_route=\/wp\/v2\/users\/1"}],"replies":[{"embeddable":true,"href":"https:\/\/diinews.ismt.pt\/index.php?rest_route=%2Fwp%2Fv2%2Fcomments&post=818"}],"version-history":[{"count":30,"href":"https:\/\/diinews.ismt.pt\/index.php?rest_route=\/wp\/v2\/pages\/818\/revisions"}],"predecessor-version":[{"id":3340,"href":"https:\/\/diinews.ismt.pt\/index.php?rest_route=\/wp\/v2\/pages\/818\/revisions\/3340"}],"up":[{"embeddable":true,"href":"https:\/\/diinews.ismt.pt\/index.php?rest_route=\/wp\/v2\/pages\/9"}],"wp:attachment":[{"href":"https:\/\/diinews.ismt.pt\/index.php?rest_route=%2Fwp%2Fv2%2Fmedia&parent=818"}],"curies":[{"name":"wp","href":"https:\/\/api.w.org\/{rel}","templated":true}]}}