{"id":3508,"date":"2019-02-21T03:42:56","date_gmt":"2019-02-21T03:42:56","guid":{"rendered":"https:\/\/diinews.ismt.pt\/?page_id=3508"},"modified":"2019-02-21T03:42:56","modified_gmt":"2019-02-21T03:42:56","slug":"papers","status":"publish","type":"page","link":"https:\/\/diinews.ismt.pt\/?page_id=3508","title":{"rendered":"Papers"},"content":{"rendered":"\n<h2><strong>2015<\/strong><\/h2>\n\n\n\n<ul><li>Silva, G., Esp\u00edrito Santo, H., Costa, M., Cardoso, D., Vicente, F., Martins, S., &amp; Lemos, L. (2015).<a href=\"http:\/\/rpics.ismt.pt\/index.php\/ISMT\/article\/view\/21\/20\" target=\"_blank\" rel=\"noreferrer noopener\"> Reabilita\u00e7\u00e3o neuropsicol\u00f3gica grupal de idosos institucionalizados com D\u00e9fice Cognitivo sem Dem\u00eancia<\/a>. <em>Revista Portuguesa de Investiga\u00e7\u00e3o Comportamental e Social, 1<\/em>(2), 31-45. https:\/\/doi.org\/10.7342\/ismt.rpics.2015.1.2.21<\/li><\/ul>\n","protected":false},"excerpt":{"rendered":"<p>2015 Silva, G., Esp\u00edrito Santo, H., Costa, M., Cardoso, D., Vicente, F., Martins, S., &amp; Lemos, L. (2015). Reabilita\u00e7\u00e3o neuropsicol\u00f3gica grupal de idosos institucionalizados com D\u00e9fice Cognitivo sem Dem\u00eancia. Revista Portuguesa de Investiga\u00e7\u00e3o Comportamental e Social, 1(2), 31-45. https:\/\/doi.org\/10.7342\/ismt.rpics.2015.1.2.21<\/p>\n","protected":false},"author":1,"featured_media":0,"parent":3462,"menu_order":3,"comment_status":"closed","ping_status":"closed","template":"","meta":{"_mi_skip_tracking":false,"_monsterinsights_sitenote_active":false,"_monsterinsights_sitenote_note":"","_monsterinsights_sitenote_category":0},"_links":{"self":[{"href":"https:\/\/diinews.ismt.pt\/index.php?rest_route=\/wp\/v2\/pages\/3508"}],"collection":[{"href":"https:\/\/diinews.ismt.pt\/index.php?rest_route=\/wp\/v2\/pages"}],"about":[{"href":"https:\/\/diinews.ismt.pt\/index.php?rest_route=\/wp\/v2\/types\/page"}],"author":[{"embeddable":true,"href":"https:\/\/diinews.ismt.pt\/index.php?rest_route=\/wp\/v2\/users\/1"}],"replies":[{"embeddable":true,"href":"https:\/\/diinews.ismt.pt\/index.php?rest_route=%2Fwp%2Fv2%2Fcomments&post=3508"}],"version-history":[{"count":1,"href":"https:\/\/diinews.ismt.pt\/index.php?rest_route=\/wp\/v2\/pages\/3508\/revisions"}],"predecessor-version":[{"id":3509,"href":"https:\/\/diinews.ismt.pt\/index.php?rest_route=\/wp\/v2\/pages\/3508\/revisions\/3509"}],"up":[{"embeddable":true,"href":"https:\/\/diinews.ismt.pt\/index.php?rest_route=\/wp\/v2\/pages\/3462"}],"wp:attachment":[{"href":"https:\/\/diinews.ismt.pt\/index.php?rest_route=%2Fwp%2Fv2%2Fmedia&parent=3508"}],"curies":[{"name":"wp","href":"https:\/\/api.w.org\/{rel}","templated":true}]}}