{"id":2500,"date":"2018-01-28T22:26:36","date_gmt":"2018-01-28T22:26:36","guid":{"rendered":"http:\/\/diinews.ismt.pt\/?page_id=2500"},"modified":"2019-02-21T03:47:07","modified_gmt":"2019-02-21T03:47:07","slug":"livros-e-capitulos-de-livro-redes","status":"publish","type":"page","link":"https:\/\/diinews.ismt.pt\/?page_id=2500&lang=pt","title":{"rendered":"Livros\/Cap\u00edtulos"},"content":{"rendered":"<h1><em><strong>Livros<\/strong><\/em><\/h1>\n<p>Guadalupe, S. (2016).<a href=\"http:\/\/www.uc.pt\/imprensa_uc\/catalogo\/investigacao\/intervencao\" target=\"_blank\" rel=\"noopener noreferrer\"><em> Interven\u00e7\u00e3o em rede: Servi\u00e7o Social, sist\u00e9mica e redes de suporte social\u00a0<\/em><\/a>(2.\u00aa ed.). Coimbra: Imprensa da Universidade. doi:http:\/\/sci-hub.cc\/10.14195\/978-989-26-0866-2<\/p>\n<h1><em><strong>Cap\u00edtulos de livro<\/strong><\/em><\/h1>\n<p>Guadalupe, S., Testa Vicente, H., \u00a0Daniel, F., &amp;\u00a0Monteiro, R.\u00a0(2019).\u00a0Redes Sociais Pessoais e Trajet\u00f3rias de Envelhecimento: Uma Perspetiva Et\u00e1ria e de G\u00e9nero.\u00a0 In H. Esp\u00edrito-Santo &amp; F. Daniel (Coord.), <em>Trajetos do envelhecimento: Perspetivas te\u00f3ricas e emp\u00edricas<\/em> (pp. 59-79).\u00a0Coimbra: Imprensa da\u00a0Universidade.<\/p>\n<p>C\u00f4ca, N., Vicente, H. T., &amp; Sousa, L. (2015). <a class=\"js-work-strip-work-link text-gray-darker\" href=\"https:\/\/www.academia.edu\/16327311\/C%C3%B4ca_N._Vicente_H._T._and_Sousa_L._2015_._Pessoas_idosas_sem_filhos_Redes_sociais_pessoais_e_qualidade_de_vida._Em_C._M._Cerveny_Org._Manual_de_Longevidade_-_Guia_para_a_Melhoria_da_Qualidade_de_Vida_dos_Idosos._Curitiba_Juru%C3%A1_Editora\" data-slimstat=\"5\">Pessoas idosas sem filhos: Redes sociais pessoais e qualidade de vida. Em C. M. Cerveny (Org.),<\/a><em><a class=\"js-work-strip-work-link text-gray-darker\" href=\"https:\/\/www.academia.edu\/16327311\/C%C3%B4ca_N._Vicente_H._T._and_Sousa_L._2015_._Pessoas_idosas_sem_filhos_Redes_sociais_pessoais_e_qualidade_de_vida._Em_C._M._Cerveny_Org._Manual_de_Longevidade_-_Guia_para_a_Melhoria_da_Qualidade_de_Vida_dos_Idosos._Curitiba_Juru%C3%A1_Editora\" data-slimstat=\"5\"> Manual de Longevidade \u2013 Guia para a Melhoria da Qualidade de Vida dos Idosos. <\/a><\/em>Curitiba: Juru\u00e1 Editora.<\/p>\n","protected":false},"excerpt":{"rendered":"<p>Livros Guadalupe, S. (2016). Interven\u00e7\u00e3o em rede: Servi\u00e7o Social, sist\u00e9mica e redes de suporte social\u00a0(2.\u00aa ed.). Coimbra: Imprensa da Universidade. doi:http:\/\/sci-hub.cc\/10.14195\/978-989-26-0866-2 Cap\u00edtulos de livro Guadalupe, S., Testa Vicente, H., \u00a0Daniel, F., &amp;\u00a0Monteiro, R.\u00a0(2019).\u00a0Redes Sociais Pessoais e Trajet\u00f3rias de Envelhecimento: Uma Perspetiva Et\u00e1ria e de G\u00e9nero.\u00a0 In H. Esp\u00edrito-Santo &amp; F. Daniel (Coord.), Trajetos do envelhecimento: [&hellip;]<\/p>\n","protected":false},"author":1,"featured_media":0,"parent":1397,"menu_order":4,"comment_status":"closed","ping_status":"closed","template":"","meta":{"_mi_skip_tracking":false,"_monsterinsights_sitenote_active":false,"_monsterinsights_sitenote_note":"","_monsterinsights_sitenote_category":0},"_links":{"self":[{"href":"https:\/\/diinews.ismt.pt\/index.php?rest_route=\/wp\/v2\/pages\/2500"}],"collection":[{"href":"https:\/\/diinews.ismt.pt\/index.php?rest_route=\/wp\/v2\/pages"}],"about":[{"href":"https:\/\/diinews.ismt.pt\/index.php?rest_route=\/wp\/v2\/types\/page"}],"author":[{"embeddable":true,"href":"https:\/\/diinews.ismt.pt\/index.php?rest_route=\/wp\/v2\/users\/1"}],"replies":[{"embeddable":true,"href":"https:\/\/diinews.ismt.pt\/index.php?rest_route=%2Fwp%2Fv2%2Fcomments&post=2500"}],"version-history":[{"count":6,"href":"https:\/\/diinews.ismt.pt\/index.php?rest_route=\/wp\/v2\/pages\/2500\/revisions"}],"predecessor-version":[{"id":3523,"href":"https:\/\/diinews.ismt.pt\/index.php?rest_route=\/wp\/v2\/pages\/2500\/revisions\/3523"}],"up":[{"embeddable":true,"href":"https:\/\/diinews.ismt.pt\/index.php?rest_route=\/wp\/v2\/pages\/1397"}],"wp:attachment":[{"href":"https:\/\/diinews.ismt.pt\/index.php?rest_route=%2Fwp%2Fv2%2Fmedia&parent=2500"}],"curies":[{"name":"wp","href":"https:\/\/api.w.org\/{rel}","templated":true}]}}

Livros/Capítulos

<h1><em><strong>Livros</strong></em></h1>
<p>Guadalupe, S. (2016).<a href="http://www.uc.pt/imprensa_uc/catalogo/investigacao/intervencao" target="_blank" rel="noopener noreferrer"><em> Intervenção em rede: Serviço Social, sistémica e redes de suporte social </em></a>(2.ª ed.). Coimbra: Imprensa da Universidade. doi:http://sci-hub.cc/10.14195/978-989-26-0866-2</p>
<h1><em><strong>Capítulos de livro</strong></em></h1>
<p>Guadalupe, S., Testa Vicente, H.,  Daniel, F., &amp; Monteiro, R. (2019). Redes Sociais Pessoais e Trajetórias de Envelhecimento: Uma Perspetiva Etária e de Género.  In H. Espírito-Santo &amp; F. Daniel (Coord.), <em>Trajetos do envelhecimento: Perspetivas teóricas e empíricas</em> (pp. 59-79). Coimbra: Imprensa da Universidade.</p>
<p>Côca, N., Vicente, H. T., &amp; Sousa, L. (2015). <a class="js-work-strip-work-link text-gray-darker" href="https://www.academia.edu/16327311/C%C3%B4ca_N._Vicente_H._T._and_Sousa_L._2015_._Pessoas_idosas_sem_filhos_Redes_sociais_pessoais_e_qualidade_de_vida._Em_C._M._Cerveny_Org._Manual_de_Longevidade_-_Guia_para_a_Melhoria_da_Qualidade_de_Vida_dos_Idosos._Curitiba_Juru%C3%A1_Editora" data-slimstat="5">Pessoas idosas sem filhos: Redes sociais pessoais e qualidade de vida. Em C. M. Cerveny (Org.),</a><em><a class="js-work-strip-work-link text-gray-darker" href="https://www.academia.edu/16327311/C%C3%B4ca_N._Vicente_H._T._and_Sousa_L._2015_._Pessoas_idosas_sem_filhos_Redes_sociais_pessoais_e_qualidade_de_vida._Em_C._M._Cerveny_Org._Manual_de_Longevidade_-_Guia_para_a_Melhoria_da_Qualidade_de_Vida_dos_Idosos._Curitiba_Juru%C3%A1_Editora" data-slimstat="5"> Manual de Longevidade – Guia para a Melhoria da Qualidade de Vida dos Idosos. </a></em>Curitiba: Juruá Editora.</p>

<p>Livros Guadalupe, S. (2016). Intervenção em rede: Serviço Social, sistémica e redes de suporte social (2.ª ed.). Coimbra: Imprensa da Universidade. doi:http://sci-hub.cc/10.14195/978-989-26-0866-2 Capítulos de livro Guadalupe, S., Testa Vicente, H.,  Daniel, F., &amp; Monteiro, R. (2019). Redes Sociais Pessoais e Trajetórias de Envelhecimento: Uma Perspetiva Etária e de Género.  In H. Espírito-Santo &amp; F. Daniel (Coord.), Trajetos do envelhecimento: [&hellip;]</p>
