{"id":1481,"date":"2014-11-06T18:55:07","date_gmt":"2014-11-06T18:55:07","guid":{"rendered":"http:\/\/diinews.ismt.pt\/?page_id=1481"},"modified":"2014-11-08T14:26:30","modified_gmt":"2014-11-08T14:26:30","slug":"3-publicacao-de-artigos-em-revistas-nacionais-e-internacionais-com-revisao-por-pares","status":"publish","type":"page","link":"https:\/\/diinews.ismt.pt\/?page_id=1481","title":{"rendered":"3) Publica\u00e7\u00e3o de artigos em revistas nacionais e internacionais, com revis\u00e3o por pares"},"content":{"rendered":"<p>MARTINS, Alcina; CARRARA, Virg\u00ednia, 2014 &#8211;\u00a0Servi\u00e7o Social portugu\u00eas\u00a0e brasileiro em di\u00e1logo:\u00a0internacionaliza\u00e7\u00e3o da\u00a0forma\u00e7\u00e3o profissional.\u00a0<i>Em Pauta<\/i>, Rio de Janeiro,\u00a0n. 33, v. 12, p. 205-227.\u00a0Revista da Faculdade de Servi\u00e7o Social da Universidade do Estado do Rio de Janeiro.\u00a0ISSN: 2238-3786<\/p>\n<p>In:\u00a0<a href=\"http:\/\/www.e-publicacoes.uerj.br\/index.php\/revistaempauta\/article\/view\/13034\">http:\/\/www.e publicacoes.uerj.br\/index.php\/revistaempauta\/article\/view\/13034<\/a><\/p>\n<p>Martins, Alcina; Tavares, Maria Augusta; Duarte, Adelsia Jesus; Gameiro, Ana; Monteiro, Andr\u00e9 Lino; Rodrigues, Carla Hermania; Golijewski, Rosemiro. \u201cPara o Trabalho, Estado M\u00ednimo&#8230;\u201d, <i>Interac\u00e7\u00f5es:<\/i> <i>Sociedade<\/i> <i>e<\/i> <i>as<\/i> <i>novas<\/i> <i>Modernidades<\/i>. Coimbra: Instituto Superior Miguel Torga (aceite a 9 de outubro 2012, a publicar no n\u00ba 22).<\/p>\n<p>In: <a href=\"http:\/\/www.cepesepublicacoes.pt\/portal\/pt\/obras\/para-o-trabalho-estado-minimo\">http:\/\/www.cepesepublicacoes.pt\/portal\/pt\/obras\/para-o-trabalho-estado-minimo<\/a><\/p>\n<p>MARTINS, Alcina, 2009 &#8211; 70 anos de forma\u00e7\u00e3o em Servi\u00e7o Social e tempos de ditadura e de democracia: da Escola Normal Social ao Instituto Superior Miguel Torga\u201d. Revista <i>Temporalis<\/i>. Brasilia: Associa\u00e7\u00e3o Brasileira de Ensino e Pesquisa em Servi\u00e7o Social. Ano IX, n\u00ba 18 jul\/dez, pp. 187-213 (aceite em 18\/03\/2011). ISSN 15187934<\/p>\n<p>MARTINS, Alcina, 2008 &#8211; Investiga\u00e7\u00e3o em Servi\u00e7o Social no Portugal Contempor\u00e2neo. Paradoxos e Desafios. <i>Locus Soci@l<\/i>, n\u00ba 1, p. 32-47, Revista de Servi\u00e7o Social, Pol\u00edtica Social &amp; Sociedade, Centro de Estudos de Servi\u00e7o Social e Sociologia, da Universidade Cat\u00f3lica \u00a0Portuguesa. ISSN: 1647-1431.<\/p>\n<p>MARTINS, Alcina; TOM\u00c9, Maria Rosa, 2008 &#8211; Forma\u00e7\u00e3o Contempor\u00e2nea do Servi\u00e7o Social em Portugal, <i>Em Pauta<\/i>, Rio de Janeiro, Revista da Faculdade de Servi\u00e7o Social da Universidade do Estado do Rio de Janeiro, n\u00ba 21, pp. 153-169, 2008. ISSN 1414 &#8211; 8609.<\/p>\n","protected":false},"excerpt":{"rendered":"<p>MARTINS, Alcina; CARRARA, Virg\u00ednia, 2014 &#8211;\u00a0Servi\u00e7o Social portugu\u00eas\u00a0e brasileiro em di\u00e1logo:\u00a0internacionaliza\u00e7\u00e3o da\u00a0forma\u00e7\u00e3o profissional.\u00a0Em Pauta, Rio de Janeiro,\u00a0n. 33, v. 12, p. 205-227.\u00a0Revista da Faculdade de Servi\u00e7o Social da Universidade do Estado do Rio de Janeiro.\u00a0ISSN: 2238-3786 In:\u00a0http:\/\/www.e publicacoes.uerj.br\/index.php\/revistaempauta\/article\/view\/13034 Martins, Alcina; Tavares, Maria Augusta; Duarte, Adelsia Jesus; Gameiro, Ana; Monteiro, Andr\u00e9 Lino; Rodrigues, Carla Hermania; Golijewski, [&hellip;]<\/p>\n","protected":false},"author":1,"featured_media":0,"parent":1501,"menu_order":3,"comment_status":"closed","ping_status":"closed","template":"","meta":{"_mi_skip_tracking":false,"_monsterinsights_sitenote_active":false,"_monsterinsights_sitenote_note":"","_monsterinsights_sitenote_category":0},"_links":{"self":[{"href":"https:\/\/diinews.ismt.pt\/index.php?rest_route=\/wp\/v2\/pages\/1481"}],"collection":[{"href":"https:\/\/diinews.ismt.pt\/index.php?rest_route=\/wp\/v2\/pages"}],"about":[{"href":"https:\/\/diinews.ismt.pt\/index.php?rest_route=\/wp\/v2\/types\/page"}],"author":[{"embeddable":true,"href":"https:\/\/diinews.ismt.pt\/index.php?rest_route=\/wp\/v2\/users\/1"}],"replies":[{"embeddable":true,"href":"https:\/\/diinews.ismt.pt\/index.php?rest_route=%2Fwp%2Fv2%2Fcomments&post=1481"}],"version-history":[{"count":1,"href":"https:\/\/diinews.ismt.pt\/index.php?rest_route=\/wp\/v2\/pages\/1481\/revisions"}],"predecessor-version":[{"id":1482,"href":"https:\/\/diinews.ismt.pt\/index.php?rest_route=\/wp\/v2\/pages\/1481\/revisions\/1482"}],"up":[{"embeddable":true,"href":"https:\/\/diinews.ismt.pt\/index.php?rest_route=\/wp\/v2\/pages\/1501"}],"wp:attachment":[{"href":"https:\/\/diinews.ismt.pt\/index.php?rest_route=%2Fwp%2Fv2%2Fmedia&parent=1481"}],"curies":[{"name":"wp","href":"https:\/\/api.w.org\/{rel}","templated":true}]}}