{"id":1283,"date":"2014-05-24T17:42:14","date_gmt":"2014-05-24T17:42:14","guid":{"rendered":"http:\/\/diinews.ismt.pt\/?page_id=1283"},"modified":"2019-02-21T00:54:50","modified_gmt":"2019-02-21T00:54:50","slug":"participantes-menores","status":"publish","type":"page","link":"https:\/\/diinews.ismt.pt\/?page_id=1283&lang=pt","title":{"rendered":"Participantes menores"},"content":{"rendered":"<p>&nbsp;<\/p>\n<p style=\"margin: 0px 0px 0px 0px; text-align: justify; font-size: 14PX; font-family: Avenir; color: #444444;\"><span style=\"letter-spacing: 0.0px;\">No caso de se pretender realizar investiga\u00e7\u00e3o cient\u00edfica recolhendo dados pessoais em crian\u00e7<\/span><span style=\"letter-spacing: 0.0px;\">as, h\u00e1 que obter o <em><strong>Consentimento Informado<\/strong><\/em> de um representante legal.<\/span><\/p>\n<p>&nbsp;<\/p>\n<p style=\"margin: 0px 0px 0px 0px; text-align: justify; font-size: 14PX; font-family: Avenir; color: #444444;\"><span style=\"letter-spacing: 0.0px;\">No caso de adolescentes com mais de 14 anos, deve obter-se o <em><strong>Consentimento Informado<\/strong><\/em> do representante legal <strong>E<\/strong> do adolescente. Neste caso, <\/span>os dois documentos devem ser entregues separadamente.<\/p>\n<p>&nbsp;<\/p>\n<p style=\"margin: 0px 0px 0px 0px; text-align: justify; font-size: 14PX; font-family: Avenir; color: #444444;\">Em caso de recusa por parte da crian\u00e7a ou do adolescente em participar, nunca se deve exercer qualquer tipo de press\u00e3o, nem sobre os participantes, nem sobre os seus pais.<\/p>\n<p>&nbsp;<\/p>\n<p style=\"margin: 0px 0px 0px 0px; text-align: justify; font-size: 14PX; font-family: Avenir; color: #444444;\"><span style=\"font-family: Avenir;\">A informa\u00e7\u00e3o contida no documento, para al\u00e9m, da informa\u00e7\u00e3o breve sobre os objetivos e procedimentos de recolha de dados do estudo, deve informar se ir\u00e1 afetar as atividades <\/span><span style=\"white-space: nowrap;\">regulares<\/span><span style=\"font-family: Avenir;\"> da <\/span><span style=\"font-family: Avenir;\">crian<\/span><span style=\"font-family: Avenir;\">\u00e7a <\/span><span style=\"font-family: Avenir;\">ou<\/span> <span style=\"font-family: Avenir;\">adolescente (escolar, desportiva, etc.).<\/span><\/p>\n<p>&nbsp;<\/p>\n<p>&nbsp;<\/p>\n<p style=\"margin: 0px 0px 0px 0px; text-align: justify; font-size: 14PX; font-family: Avenir; color: #444444;\"><em><strong>Modelo de Consentimento Informado<\/strong><\/em><\/p>\n<p>&nbsp;<\/p>\n<p>&nbsp;<\/p>\n","protected":false},"excerpt":{"rendered":"<p>&nbsp; No caso de se pretender realizar investiga\u00e7\u00e3o cient\u00edfica recolhendo dados pessoais em crian\u00e7as, h\u00e1 que obter o Consentimento Informado de um representante legal. &nbsp; No caso de adolescentes com mais de 14 anos, deve obter-se o Consentimento Informado do representante legal E do adolescente. Neste caso, os dois documentos devem ser entregues separadamente. &nbsp; [&hellip;]<\/p>\n","protected":false},"author":1,"featured_media":0,"parent":1214,"menu_order":5,"comment_status":"closed","ping_status":"closed","template":"","meta":{"_mi_skip_tracking":false,"_monsterinsights_sitenote_active":false,"_monsterinsights_sitenote_note":"","_monsterinsights_sitenote_category":0},"_links":{"self":[{"href":"https:\/\/diinews.ismt.pt\/index.php?rest_route=\/wp\/v2\/pages\/1283"}],"collection":[{"href":"https:\/\/diinews.ismt.pt\/index.php?rest_route=\/wp\/v2\/pages"}],"about":[{"href":"https:\/\/diinews.ismt.pt\/index.php?rest_route=\/wp\/v2\/types\/page"}],"author":[{"embeddable":true,"href":"https:\/\/diinews.ismt.pt\/index.php?rest_route=\/wp\/v2\/users\/1"}],"replies":[{"embeddable":true,"href":"https:\/\/diinews.ismt.pt\/index.php?rest_route=%2Fwp%2Fv2%2Fcomments&post=1283"}],"version-history":[{"count":7,"href":"https:\/\/diinews.ismt.pt\/index.php?rest_route=\/wp\/v2\/pages\/1283\/revisions"}],"predecessor-version":[{"id":2806,"href":"https:\/\/diinews.ismt.pt\/index.php?rest_route=\/wp\/v2\/pages\/1283\/revisions\/2806"}],"up":[{"embeddable":true,"href":"https:\/\/diinews.ismt.pt\/index.php?rest_route=\/wp\/v2\/pages\/1214"}],"wp:attachment":[{"href":"https:\/\/diinews.ismt.pt\/index.php?rest_route=%2Fwp%2Fv2%2Fmedia&parent=1283"}],"curies":[{"name":"wp","href":"https:\/\/api.w.org\/{rel}","templated":true}]}}