{"id":1208,"date":"2014-05-15T02:12:33","date_gmt":"2014-05-15T02:12:33","guid":{"rendered":"http:\/\/diinews.ismt.pt\/?page_id=1208"},"modified":"2019-02-21T00:48:54","modified_gmt":"2019-02-21T00:48:54","slug":"pedido-apreciacao-de-estudo","status":"publish","type":"page","link":"https:\/\/diinews.ismt.pt\/?page_id=1208&lang=pt","title":{"rendered":"Pedido Aprecia\u00e7\u00e3o de Estudo &#8211; Comiss\u00e3o de \u00e9tica"},"content":{"rendered":"<p style=\"margin: 0px; text-align: justify; font-stretch: normal; font-size: 14px; line-height: 1.5; font-family: 'Helvetica Neue'; -webkit-text-stroke-width: initial; -webkit-text-stroke-color: #000000;\"><span style=\"font-kerning: none;\">Este formul\u00e1rio aplica-se a todas as investiga\u00e7\u00f5es (exceto aplica\u00e7\u00f5es gen\u00e9ricas) com seres humanos realizadas por docentes, investigadores ou estudantes do Instituto Superior Miguel Torga que se enquadram no \u00e2mbito do Regulamento da Comiss\u00e3o de \u00c9tica do Departamento de Investiga\u00e7\u00e3o &amp; Desenvolvimento.<\/span><\/p>\n<p style=\"margin: 0px; text-align: justify; font-stretch: normal; font-size: 14px; line-height: 1.5; font-family: 'Helvetica Neue'; -webkit-text-stroke-width: initial; -webkit-text-stroke-color: #000000; min-height: 16px;\">\n<p style=\"margin: 0px; text-align: justify; font-stretch: normal; font-size: 14px; line-height: 1.5; font-family: 'Helvetica Neue'; -webkit-text-stroke-width: initial; -webkit-text-stroke-color: #000000;\"><span style=\"font-kerning: none;\">No entanto, este formul\u00e1rio N\u00c3O substitui as autoriza\u00e7\u00f5es para investiga\u00e7\u00f5es localizadas em institui\u00e7\u00f5es de sa\u00fade, escolares ou outras institui\u00e7\u00f5es sociais ou comunit\u00e1rias. Para as institui\u00e7\u00f5es e servi\u00e7os de sa\u00fade p\u00fablicos e unidades privadas de sa\u00fade, os pedidos devem dirigir-se \u00e0s respetivas comiss\u00f5es de \u00e9tica. A investiga\u00e7\u00e3o neste tipo de institui\u00e7\u00f5es \u00e9 regulado pelo Decreto lei n.\u00ba 1\/2001 de 3 de janeiro do DR 1\u00aa s\u00e9rie A. Para a DGE, os pedidos encontram-se sujeitos ao Despacho n.\u00ba 15847\/2007, publicado no DR 2\u00aa s\u00e9rie n.\u00ba 140 de 23 de julho, e dever\u00e3o ser submetidos, para aprecia\u00e7\u00e3o, atrav\u00e9s do sistema de Monitoriza\u00e7\u00e3o de Inqu\u00e9ritos em Meio Escolar, concebido para esse fim: http:\/\/mime.gepe.min-edu.pt, alojado na p\u00e1gina da Dire\u00e7\u00e3o-Geral de Estat\u00edsticas da Educa\u00e7\u00e3o e Ci\u00eancia: http:\/\/www.dgidc.min-edu.pt\/<\/span><\/p>\n<p style=\"margin: 0px; text-align: justify; font-stretch: normal; font-size: 14px; line-height: 1.5; font-family: 'Helvetica Neue'; -webkit-text-stroke-width: initial; -webkit-text-stroke-color: #000000; min-height: 16px;\">\n<p style=\"margin: 0px; text-align: justify; font-stretch: normal; font-size: 14px; line-height: 1.5; font-family: 'Helvetica Neue'; -webkit-text-stroke-width: initial; -webkit-text-stroke-color: #000000;\"><span style=\"font-kerning: none;\">Clique no link e fa\u00e7a o download do documento: <a href=\"https:\/\/diinews.ismt.pt\/wp-content\/uploads\/2018\/11\/PedidoSubmiss\u00e3o_Estudo_Form.pdf\">Pedido de Submiss\u00e3o de Aprecia\u00e7\u00e3o de Estudo \u00e0 Comiss\u00e3o de \u00c9tica<\/a><\/span><\/p>\n<p style=\"margin: 0px; text-align: justify; font-stretch: normal; font-size: 14px; line-height: 1.5; font-family: 'Helvetica Neue'; -webkit-text-stroke-width: initial; -webkit-text-stroke-color: #000000; min-height: 16px;\">\n<p style=\"margin: 0px; text-align: justify; font-stretch: normal; font-size: 14px; line-height: 1.5; font-family: 'Helvetica Neue'; -webkit-text-stroke-width: initial; -webkit-text-stroke-color: #000000;\"><span style=\"font-kerning: none;\">Preencha o formul\u00e1rio nos campos edit\u00e1veis por meio de computador (escrita manual n\u00e3o \u00e9 aceite). Os formul\u00e1rios que n\u00e3o forem assinados, n\u00e3o ser\u00e3o considerados.<\/span><\/p>\n<p style=\"margin: 0px; text-align: justify; font-stretch: normal; font-size: 14px; line-height: 1.5; font-family: 'Helvetica Neue'; -webkit-text-stroke-width: initial; -webkit-text-stroke-color: #000000; min-height: 16px;\">\n<p style=\"margin: 0px; text-align: justify; font-stretch: normal; font-size: 14px; line-height: 1.5; font-family: 'Helvetica Neue'; -webkit-text-stroke-width: initial; -webkit-text-stroke-color: #000000;\"><span style=\"font-kerning: none;\">O formul\u00e1rio dever\u00e1 ser submetido \u00e0 CE por via eletr\u00f3nica para o seguinte endere\u00e7o:<\/span><\/p>\n<p style=\"margin: 0px; text-align: justify; font-stretch: normal; font-size: 14px; line-height: 1.5; font-family: 'Helvetica Neue'; -webkit-text-stroke-width: initial; -webkit-text-stroke-color: #000000; min-height: 16px;\">\n<p style=\"margin: 0px; text-align: justify; font-stretch: normal; font-size: 14px; line-height: 1.5; font-family: 'Helvetica Neue'; -webkit-text-stroke-width: initial; -webkit-text-stroke-color: #000000;\"><span style=\"font-kerning: none;\">eticanainvestigacao@ismt.pt<\/span><\/p>\n","protected":false},"excerpt":{"rendered":"<p>Este formul\u00e1rio aplica-se a todas as investiga\u00e7\u00f5es (exceto aplica\u00e7\u00f5es gen\u00e9ricas) com seres humanos realizadas por docentes, investigadores ou estudantes do Instituto Superior Miguel Torga que se enquadram no \u00e2mbito do Regulamento da Comiss\u00e3o de \u00c9tica do Departamento de Investiga\u00e7\u00e3o &amp; Desenvolvimento. No entanto, este formul\u00e1rio N\u00c3O substitui as autoriza\u00e7\u00f5es para investiga\u00e7\u00f5es localizadas em institui\u00e7\u00f5es de [&hellip;]<\/p>\n","protected":false},"author":1,"featured_media":0,"parent":1202,"menu_order":1,"comment_status":"closed","ping_status":"closed","template":"","meta":{"_mi_skip_tracking":false,"_monsterinsights_sitenote_active":false,"_monsterinsights_sitenote_note":"","_monsterinsights_sitenote_category":0},"_links":{"self":[{"href":"https:\/\/diinews.ismt.pt\/index.php?rest_route=\/wp\/v2\/pages\/1208"}],"collection":[{"href":"https:\/\/diinews.ismt.pt\/index.php?rest_route=\/wp\/v2\/pages"}],"about":[{"href":"https:\/\/diinews.ismt.pt\/index.php?rest_route=\/wp\/v2\/types\/page"}],"author":[{"embeddable":true,"href":"https:\/\/diinews.ismt.pt\/index.php?rest_route=\/wp\/v2\/users\/1"}],"replies":[{"embeddable":true,"href":"https:\/\/diinews.ismt.pt\/index.php?rest_route=%2Fwp%2Fv2%2Fcomments&post=1208"}],"version-history":[{"count":14,"href":"https:\/\/diinews.ismt.pt\/index.php?rest_route=\/wp\/v2\/pages\/1208\/revisions"}],"predecessor-version":[{"id":2817,"href":"https:\/\/diinews.ismt.pt\/index.php?rest_route=\/wp\/v2\/pages\/1208\/revisions\/2817"}],"up":[{"embeddable":true,"href":"https:\/\/diinews.ismt.pt\/index.php?rest_route=\/wp\/v2\/pages\/1202"}],"wp:attachment":[{"href":"https:\/\/diinews.ismt.pt\/index.php?rest_route=%2Fwp%2Fv2%2Fmedia&parent=1208"}],"curies":[{"name":"wp","href":"https:\/\/api.w.org\/{rel}","templated":true}]}}